 + 6 - -11) + 4.
8
What is the value of 1 + (0 - (4 + -11) - 3)?
5
What is the value of -3 + 4 + -5 + 6 + 1?
3
What is the value of -1 + (-3 - -2) + -22 + 21?
-3
What is 9 + 1 + -3 + -3?
4
What is -10 + -3 + 0 + 6 + 0?
-7
What is -2 + 0 + -2 + 2 - 3?
-5
Calculate 2 + 2 + 2 + -5.
1
Evaluate -3 + 0 - (1 + -5).
1
1 + -3 + (2 - 1)
-1
Calculate -4 + (1 - -1) - (-34 - -27).
5
What is the value of -45 + 36 - (-2 + (0 - -2))?
-9
-1 + 3 + (-9 - -4) + 8
5
What is the value of 6 - (-12 - (-20 - -9))?
7
Calculate -4 + 9 + -8 + (1 - 2).
-4
Evaluate -2 + -3 + 9 + -2.
2
Calculate 5 + (-4 - (-7 - 0)).
8
-7 - (-10 + (11 - 6))
-2
(-6 - -9) + -6 - (3 - 0)
-6
What is the value of 7 + -10 + 6 + 0 - 4?
-1
What is the value of 4 + (-1 + 4 + -9 - -1)?
-1
What is the value of 3 + (5 - 0) + -6?
2
What is -1 + -4 - (-5 - -1)?
-1
Calculate (2 + 1 - 2) + (-12 - -7).
-4
5 - (-5 + (-5 - -18))
-3
What is -3 - 0 - 0 - -8?
5
Evaluate -5 + (-3 - -3) + (2 - -1).
-2
Calculate 3 + 2 + (-8 - -4) + -2.
-1
Evaluate 1 + (-3 + -2 + 0 - 0).
-4
Calculate -1 - (0 + (2 - 6)) - 6.
-3
What is the value of -5 + -9 + 8 + 7?
1
What is (18 - 10) + -14 - (-12 - 1)?
7
Evaluate (0 - 2) + (7 - 1).
4
Calculate -3 + -15 + -2 + 26.
6
What is (7 - (14 - (-7 + 2))) + 7?
-5
Calculate -6 + (5 + 5 - 7).
-3
Evaluate (-10 - (11 - 19)) + (1 - -2).
1
What is 5 - (1 + 5) - (-8 + 3)?
4
What is the value of (-7 - -1) + 4 - (-2 - -2)?
-2
Calculate (-3 - (1 + -2) - -2) + -3.
-3
(7 - (-3 - -5)) + -9
-4
What is 0 + 2 + 1 + -2?
1
What is the value of (6 - 4) + (0 - 7)?
-5
2 - (-6 - -2 - -2)
4
Calculate 6 + -4 + 1 + -8 + 0.
-5
What is the value of (0 + -7 - -4) + -1?
-4
What is the value of -8 + (0 + 4 - -6)?
2
(1 - -2) + -17 + 11
-3
Calculate 1 + 0 + (3 + 11 - 19).
-4
Evaluate -1 + (8 - 2) - 3.
2
Evaluate -4 - -7 - (1 + -1 - -3).
0
1 + 0 - (-3 - (-9 + 5))
0
What is the value of (-6 - 0) + (0 + -11 - -14)?
-3
Evaluate 8 + -9 + 5 - 5.
-1
Calculate 70 - 61 - ((0 - 2) + 2).
9
What is the value of -1 + 4 + 8 + -9?
2
-2 - -4 - 1 - 1
0
Evaluate -1 - (-5 + (-5 - -7)).
2
Calculate 10 + -10 - (-5 + 2 + 0).
3
0 + (4 - 9 - (-7 + 2))
0
Calculate 0 + (4 - 2) + 3.
5
Evaluate (6 - 10) + 8 - 0.
4
Calculate 57 + -56 + -3 + 7.
5
What is -7 - (4 + (-15 - -3))?
1
Calculate -20 - -25 - (1 - 1).
5
Evaluate (22 - (-8 + 19)) + -7.
4
3 - ((-4 - -8) + -6) - 13
-8
What is 0 - (-3 + 2 + 1)?
0
-1 + -1 + (2 - -3) - 2
1
What is the value of 0 + -2 + -1 + 4 + -1?
0
Calculate 0 + 6 + 0 + (-45 - -49).
10
(3 + 5 - 3) + -1 + -5
-1
What is (4 - (16 - 1)) + 1?
-10
Evaluate (-8 - -2) + 0 + 12 + -3.
3
Evaluate (-2 - 3) + (0 - -3).
-2
What is -7 - -1 - ((-1 - 10) + 9)?
-4
What is -5 + 3 + (-2 - (-1 + -7))?
4
Calculate -22 + 21 + -3 + -1 + -1.
-6
What is the value of 2 + 1 + 1 + -1 + 6?
9
-3 - (2 + -9) - 1
3
Evaluate 3 - (1 + -4 + 5 + -2).
3
Evaluate 23 - ((3 - 1) + 12).
9
What is the value of (-11 - (-3 + (-3 - -5))) + 5?
-5
Calculate (-3 - 7) + 5 - -8.
3
What is 5 - (1 + 15 - 7)?
-4
Calculate -31 + 35 - (9 + -3).
-2
4 - (-14 - -32 - (7 - 1))
-8
Calculate -6 - 3 - (-9 + 4).
-4
What is (-7 - (-7 - -2)) + 1 + 1?
0
Calculate 0 + -2 + (2 - -1).
1
What is 65 - 62 - (0 + 0)?
3
Evaluate -1 - 2 - -2 - (2 - 1).
-2
What is 8 + -1 + -12 + -7 + 13?
1
-2 + 1 - (-5 + 2 - -1)
1
1 - (16 - (8 + -2) - 6)
-3
Evaluate (5 - 2) + -7 + 3 + -4.
-5
Evaluate (4 - 0 - 3) + (1 - 0).
2
Evaluate 4 + -1 + (-2 - -3) + 0.
4
(2 - 0) + 1 + 3 + -9
-3
Calculate -13 + 12 - (2 + 2).
-5
What is the value of -4 + (-1 - -3) - -4?
2
42 + -37 + (1 - 8)
-2
120 + -124 + (-9 - -2)
-11
(0 - -9) + -36 + 24
-3
0 - (-3 + 7) - -1
-3
(-1 - 1) + -1 + -5 + 2
-6
Calculate (-2 - (21 + -29)) + -1 + -7.
-2
What is 2 + (4 - 0 - (-14 - -16))?
4
What is the value of 40 + -48 + -2 + 21 + -2?
9
9 - (-3 + 4 + 3)
5
What is the value of (-4 - (2 - (6 - -4))) + -8?
-4
What is 8 - (4 + (-1 + 0 - 0))?
5
What is -4 + -3 - (-15 - -5) - -2?
5
Evaluate (-2 - -1) + -38 + 43.
4
Calculate -1 - 3 - (-3 + -4).
3
What is the value of (-3 - (-1 - -4)) + 8?
2
What is the value of -15 + 3 - -10 - (2 + 0)?
-4
-1 + -4 + -3 + (1 - -6)
-1
What is 9 - (2 + 3 + -3)?
7
-7 - (-2 + (-7 - 3))
5
What is -3 - (0 - (0 - (0 + 0)))?
-3
Calculate 3 - 4 - 2 - (-10 - -2).
5
What is the value of 7 + -1 + (11 - (33 + -10))?
-6
What is the value of 0 + 3 - 1 - (9 - 10)?
3
What is the value of 4 + -1 + (1 + -4 - -1)?
1
Calculate 83 + -91 - (-1 + -4).
-3
Calculate 3 - 4 - 3 - -4.
0
Calculate 11 - (13 - (-7 + 7)).
-2
What is the value of -1 + (6 - (1 + -3)) + -7?
0
211 - 204 - (0 - -15)
-8
What is the value of 1 - (-4 - (-4 + -1))?
0
What is the value of 2 + (-4 - (-3 + 1 + -4))?
4
Evaluate (1 - -3) + -8 - (0 - 2).
-2
What is 5 + -3 + (4 - 1 - 3)?
2
Evaluate -3 + -4 + 3 + 1 + 1.
-2
Evaluate 2 + (1 - (-5 + 7)) + 1.
2
1 - 2 - -7 - (-3 - -4)
5
What is 1 + -1 + 0 - (-7 + 11)?
-4
Evaluate -7 + (7 - -7 - 5).
2
Evaluate -3 - (4 - 9) - -2.
4
What is 4 - 1 - (2 - 3)?
4
Evaluate -3 - (-6 - -2 - (-4 - -2)).
-1
Evaluate -2 + -2 + -2 + 10.
4
What is 1 - (1 - -7) - (-8 - -2)?
-1
What is (1 - 8) + 4 + 0?
-3
What is the value of 14 + (3 - 4 - 1) - 7?
5
What is 4 + (-3 - -4) + -5?
0
-6 - ((5 - (-1 + 5)) + -2)
-5
(25 - 25) + 2 + (5 - -1)
8
Evaluate -9 - -9 - (2 - -3).
-5
Evaluate 1 + 1 + -5 + (-2 - -8).
3
-2 - (5 + -5 + 2)
-4
Calculate -2 - 5 - -1 - (13 - 26).
7
What is (-14 - -13 - 11) + 16?
4
Calculate (-4 - (4 - 9)) + (-3 - 1).
-3
0 - (6 - (4 + -1))
-3
Evaluate (2 + 5 - 5 - -1) + 1.
4
What is 7 - (13 - (-4 - -12))?
2
1 + -1 + 1 - -3 - 0
4
What is the value of -1 + (-3 - 0) - -6?
2
1 + (-1 - 0) + 5 + -7
-2
Evaluate 0 + (1 - 1) + (-17 - -13).
-4
Calculate 0 - ((-2 - 4) + 3 - -2).
1
Evaluate -6 + -4 + 7 - -7 - 4.
0
What is (-13 - -3) + (4 - -1)?
-5
What is the value of 3 + (-1 - 11 - -4)?
-5
What is -1 + (-5 - -7) - (-1 + 2)?
0
What is 5 + -4 - (2 - -3)?
-4
What is the value of 8 - (-5 + -2 - -24)?
-9
Evaluate -4 + 1 + 3 + 1.
1
What is (-13 - -5 - (2 + -5)) + -1?
-6
Calculate -2 - (-9 - -5) - 4.
-2
What is -25 - -15 - (-3 + 3)?
-10
Calculate -4 + 6 - (4 - 4).
2
What is the value of 2 + (2 - 5) + 1 - 2?
-2
Evaluate 1 + 3 + (-7 - -14) + -8.
3
What is the value of (8 - 3 - -2 - 4) + -5?
-2
Calculate -5 - 1 - (-3 + 7 + -3).
-7
What is 5 + -11 - (2 + (4 - 9))?
-3
(-2 - -1) + -1 + -1 + 5
2
What is 3 + (1 + 4 - 3)?
5
What is the value of -12 + 3 - (-10 + 6) - 1?
-6
(-1 - -15 - (-6 - -13)) + -4
3
What is (0 - 0 - -1) + (-21 - -19)?
-1
Calculate 3 + (-3 - 3 - -4) + 2.
3
What is the value of -1 - (0 - 4) - 2?
1
Calculate -2 - (2 + -5 + -1 + 0).
2
What is the value of (1 - 7) + (3 - (-11 - -9))?
-1
What is 7 + -4 + -23 + 15?
-5
What is ((2 - -1) + 4 - 5) + 7?
9
-2 + -2 + 4 + 3
3
What is the value of -24 - -25 - (4 - -1)?
-4
Calculate 3 - 12 - (-1 + -3).
-5
What is (1 - 2) + (12 - (0 - -10))?
1
What is the value of (4 - -4) + 2 + -6?
4
Calculate -8 - (7 + (-16 - 0)).
1
-13 + (15 - 4) - 7
-9
(3 - -2 - 2) + (-4 - -1)
0
What is (-1 - 0) + 2 + (-1 - -1)?
1
What is the value of 4 + (-1 - 3) + (-16 - -17)?
1
0 - (6 + -3 - -4)
-7
Calculate 3 - (-3 + (8 - 4)).
2
Calculate (-7 - 1) + (7 - -1 - 9).
-9
Evaluate -4 + -3 + 5 - -7.
5
What is (0 - -5) + 25 + -23 + -4?
3
-3 + (1 + 2 + -12 - -5)
-7
What is -1 + -6 + 2 - (-25 + 24)?
-4
(-19 - -6) + 1 + 5
-7
Evaluate 1 + -11 + (-7 - -13).
-4
Evaluate 1 - (5 + -7) - 0 - -2.
5
What is (-68 - -70 - (12 + -1)) + 2?
-7
What is 2 + -1 + -1 + (4 - 6)?
-2
What is (1 - (4 - -2 - -2)) + 11?
4
Calculate -2 - (8 + (-5 - 0)).
-5
Calculate 22 + (-8 - 4) + (-1 - -1).
10
-1 + 5 + -8 - 0
-4
Evaluate -6 - -6 - (3 + -9).
6
What is (0 - -17) + 4 + -10 + -6?
5
What is the value of -3 - -9 - (0 + (11 - 4))?
-1
What is -1 - (6 + -4) - -1?
-2
What is the value of -1 - -5 - (-1 - (15 - 14))?
6
2 + (3 - (20 - 10))
-5
What is 0 - 0 - ((-11 - -16) + -4)?
-1
What is 48 - 46 - ((-3 - -2) + -3)?
6
Evaluate -24 + 0 + 6 + 7 - -1.
-10
What is (-1 - (7 + -4)) + 4?
0
2 + 2 + 0 + -7 - -1
-2
Calculate -6 - (-1 + -2 - (9 + -8)).
-2
Calculate 7 - ((0 - -7) + 3 + -7).
4
Evaluate (-19 - -13 - (-1 - 6)) + 0.
1
What is the value of 19 + -24 + 13 - 9?
-1
Evaluate -14 - (-3 - (8 + -3)).
-6
What is the value of -1 - 1 - (-17 + 25 - 13)?
3
Calculate 1 + -4 + 4 + -3 - -1.
-1
Evaluate (19 - 16) + -4 + 0 + 0.
-1
Evaluate -3 + 6 + -4 + (-4 - -1).
-4
Evaluate -6 - -3 - 1 - (0 - -1).
-5
Calculate 2 - -1 - (20 -